ber?
False
Let f(z) = 335*z**2 + 88*z + 553. Is f(-6) a prime number?
False
Let j = -257 + 262. Suppose -j*u = -2729 - 2706. Is u prime?
True
Suppose -45*l + 4*x + 182984 = -41*l, l + 5*x = 45722. Is l a composite number?
True
Let b(o) = o + 1. Let t be b(-8). Let c(r) be the third derivative of -7*r**4/24 + 32*r**3/3 - 14*r**2. Is c(t) a prime number?
True
Suppose -3*m - 4*t + 27 = -6*m, 0 = -5*m + 2*t - 31. Is 138/230 - 10882/m a prime number?
False
Let w = -502535 + -995797. Is 8/(-6)*w/176 composite?
False
Is (-45 + 1)*176746/(-536) composite?
True
Let m(o) = -52511*o**3 + 76*o**2 + 155*o + 9. Is m(-2) composite?
True
Suppose 634757 = 26*w - 2995311. Is w a composite number?
True
Let n(o) = -o**3 - 20*o**2 + 25*o + 22. Let j be n(-16). Let q = j + 3030. Suppose -q - 19 = -9*x. Is x composite?
True
Suppose -29*i + 569714 - 172008 = 0. Is i prime?
False
Let d(c) = c + 26. Let r be d(-5). Suppose 0 = r*f - 24*f - 30. Let z(a) = -387*a - 23. Is z(f) a prime number?
True
Let g(k) = -483*k + 74. Let c be g(17). Let n = c - -12888. Is n composite?
False
Suppose -133 = -10*o + 237. Let g(k) = 8*k**2 - 19*k + 40. Is g(o) composite?
False
Suppose 12*a - 13*a = w + 4, 3*a = -3. Let r(s) be the first derivative of 22*s**3/3 - 3*s**2/2 - 4*s - 8. Is r(w) prime?
False
Let w(c) = -18*c**3 + 4*c**2 + 6*c + 3. Let j = -45 + 40. Let h be w(j). Let d = 640 + h. Is d composite?
False
Let r(n) = -55*n - 33. Let c(u) = 8. Let h(q) = -3*c(q) - r(q). Suppose -4*s + 6*s + 4 = 4*g, 4*s + 5*g = 57. Is h(s) a prime number?
True
Suppose 209*m = 109*m + 4537900. Is m composite?
True
Suppose 9*q = 17*q - 64. Suppose 0 = q*s - 6454 - 1010. Is s a composite number?
True
Suppose 4*r + 5*b - 3216038 = 0, 18*b + 1608010 = 2*r + 16*b. Is r composite?
False
Let p be -9 + 7 - -1*590. Is p - 14*(-6)/(-12) a composite number?
True
Let z(u) = u**3 + 6*u**2 + u + 8. Let r be z(-6). Let j be (r/3)/((-8)/(-24)). Suppose 3*n + 2*v - 6289 = 0, 3*n - 2083 = j*n - 4*v. Is n prime?
True
Let g(d) = 4220*d - 2819. Is g(6) composite?
False
Let a = -56 - -56. Suppose 15*o - 3*o - 36 = a. Suppose 0 = -o*y - 50 + 683. Is y prime?
True
Let u(l) = -101*l**3 - 4*l**2 + 2*l - 1. Let s be u(-5). Suppose -3*q - 26539 = 4*a, -13*a = -3*q - 15*a - 26543. Let g = q + s. Is g composite?
True
Suppose -14*z = -9*z - 3*c - 14, -5*c = 15. Suppose 26*w - 25*w - z = 0, 3*l = -2*w + 10097. Is l composite?
True
Let o = 56108 + 201053. Is o composite?
False
Suppose 3793 = 24*z - 547895. Is z composite?
True
Let l(o) = -3*o**3 + 3*o**2 - 3*o + 13. Let b be l(3). Let h = b - -301. Is h a prime number?
True
Let c(a) = 11*a**3 - 8*a**2 - 25*a + 11. Is c(14) prime?
True
Suppose -2*p - 16*a + 3167798 = -17*a, -3*p - 2*a + 4751697 = 0. Is p prime?
True
Let c(w) be the second derivative of 281*w**4/4 + w**3/2 + 13*w**2/2 - 17*w - 1. Is c(-3) a prime number?
True
Let s(g) = 5*g**3 + 65*g**2 - 2*g + 57. Let c(x) = 3*x**3 + 43*x**2 - x + 38. Let l(v) = 8*c(v) - 5*s(v). Is l(17) a composite number?
False
Suppose 4*w - 1344 = -5*z, 0*w + 666 = 2*w + 4*z. Suppose -3*q = -4*u + 598, -u = q - 4*u + 196. Let k = q + w. Is k a prime number?
True
Let b = -138783 + 350754. Is b composite?
True
Let u(r) = -1475*r + 6. Let j = 44 - 39. Suppose -j*n - 6*n = 11. Is u(n) composite?
False
Let h = -2391 + 1604. Let d = -754 - -2098. Let t = h + d. Is t a prime number?
True
Let s = 153 + 178. Let q be 40/96*4*27/15. Suppose 0 = 4*z - q*z - s. Is z a composite number?
False
Let i = -3270 + 3280. Let l(x) = 350*x - 17. Let o(h) = -349*h + 17. Let n(a) = -4*l(a) - 5*o(a). Is n(i) composite?
False
Suppose 239295 = 318*s - 313*s. Let v = -24944 + s. Is v prime?
False
Suppose 0 = -3*o + 2*h + 1988063, -455*o + 4*h + 1325378 = -453*o. Is o composite?
True
Let s(v) = v**3 + 9*v**2 + 5*v - 16. Let z be s(-8). Let o = z + -4. Suppose 2*d = -b + 760, 5*d - o*b = -2*b + 1891. Is d composite?
False
Suppose o - 139 = 3*r - 2*r, -2*r = o - 124. Suppose -o*c = -138*c + 224. Let b = 135 + c. Is b a prime number?
True
Let f = -4183 + 8129. Is f/1 + 6 + -5 composite?
False
Suppose -1208 = 5*p + 3*u, 132 = -p + u - 116. Let z = -87 - p. Let v = z - 2. Is v a composite number?
True
Is (-21)/(630/40) - (-66026)/6 a composite number?
False
Suppose 143*k - 145*k - 5*h = -154889, 5*k - 3*h - 387176 = 0. Is k composite?
True
Let d be (5 + 1)/18 - 100/(-6). Is (-2 - (-4866)/4)*(-15 + d) prime?
False
Let q(j) be the second derivative of 53/12*j**4 + 12*j + 4*j**2 - 4/3*j**3 + 0. Is q(5) a composite number?
True
Let r = -132962 + 377863. Is r a composite number?
False
Let s(r) = 324*r**2 - 28*r + 49. Is s(-10) composite?
True
Let z = 31 + -32. Let n(s) = -3252*s**3 - s**2 - 4*s - 4. Is n(z) prime?
True
Let d(s) = 74*s**2 + 20*s - 587. Is d(-25) composite?
True
Let q be ((-160)/12)/10 - (-2)/(-3). Let f be 758*((-1)/q)/(-6 + 5). Let d = f - -726. Is d composite?
False
Suppose 0 = 3*f + 12, 2*f - 6*f - 44 = 2*u. Is 6824/(-2)*u/8 prime?
False
Suppose -2*v - 5*k + 317734 = 0, -6*v = -4*v - 3*k - 317798. Is v a composite number?
True
Is (-1867248)/(-3) - (30 + -23 + -14) composite?
False
Let t = 13524 - -116779. Is t a prime number?
True
Let r be (2 - (-10006)/4)/(17/68). Let v = r + -2333. Is v a composite number?
False
Suppose 7*o + 57866 = 392914. Suppose o = 4*u + 10716. Is u composite?
True
Suppose 0 = 4*q + 20, -2*q - 16 = -2*x - 6. Suppose x = w - 175 - 133. Suppose -4*d = -2*b - w, -4*d + 0*d = b - 320. Is d a composite number?
False
Is (436/(-1090))/(4/(-655990)) composite?
False
Let d = 131744 - 364894. Is ((-9)/(-6))/((-15)/d) prime?
False
Suppose -27*r = -26*r - 5. Is (-1 - 0)*r*(-9655)/25 a composite number?
False
Suppose 88*s - 781956 = -5*s + 439878. Is s prime?
False
Suppose 106*u - 11031079 = 14745259. Is u prime?
False
Suppose 5*q - 3*w - 171590 = 0, 4*w + 13875 = -2*q + 82537. Is q prime?
False
Is (260953 + -2)/(15 - (-70)/(-5)) prime?
True
Let w(s) = 39*s**2 + 352*s - 158. Is w(-31) composite?
True
Suppose 4*x + 857449 + 2727123 = 4*v, -5376858 = -6*v - 4*x. Is v a composite number?
False
Is (-7720804)/(-168) - (-2)/(-12) a prime number?
False
Let v(z) = -z**3 + 20*z**2 - 17*z + 3. Let r be v(8). Suppose 0 = -r*q + 636*q - 667. Is q a composite number?
True
Is -195346*((-10)/(-20) + -1) a prime number?
True
Let i(k) = 655*k**2 - 5*k + 10. Suppose -10 = -w + 5*t, 3*t + 2 = -7. Let q be i(w). Suppose -22*p = -28*p + q. Is p prime?
False
Let r be (-2)/19 - (-796)/(-19). Let o = -38 - r. Suppose 0*f = o*f - 3164. Is f composite?
True
Let d(a) = 2608*a**2 - 84*a - 27. Is d(-8) a composite number?
True
Let g = 0 - -4. Suppose 3*a = 3, k - 6 = -k + g*a. Suppose k*t - 2*t = 1011. Is t a composite number?
False
Let g(p) = p**3 - 4*p + 11*p - 7*p - 2*p - 33*p**2 - 15. Let a be g(10). Is (a/(-30))/((-1)/(-6) - 0) a composite number?
False
Suppose b = -4*b + 25. Suppose 3*s - 125 = -b*i - 2*s, 5*i - s - 101 = 0. Let n(g) = 2*g**2 + 14*g + 29. Is n(i) composite?
True
Let y(k) = -37 - 146*k - 206*k + 39*k. Suppose 52*x - 35*x + 492 = -65*x. Is y(x) a composite number?
True
Let k = -12788 + 36065. Let i = 42050 - k. Is i a prime number?
True
Suppose 2402*a = 2392*a + 665870. Is a composite?
False
Let i = 302 + -302. Suppose -k = -a - i*a + 1905, 5*k = a - 1889. Is a prime?
False
Suppose -16 - 6 = 11*x. Suppose 14 = -2*g - 4*v, 4*v + 10 = -2*g + 2*v. Is (1923/(-9) + x)*g a prime number?
True
Let r(c) = -c**2 - 6*c - 6. Let d be r(-4). Let i be (18/33)/(66/54087). Suppose 0*v = -d*z + 4*v + 298, i = 3*z - 2*v. Is z a composite number?
False
Let v be 20/(-4)*40/(-25). Is (v/10)/(6 + (-1408)/235) prime?
False
Let d(n) = 10*n**3 + 9*n**2 + 5*n - 7. Let w(z) = -20*z**3 - 17*z**2 - 10*z + 14. Let g(t) = 7*d(t) + 4*w(t). Is g(-6) a composite number?
False
Suppose 5*b = -3*b - 88. Let x = b + 14. Is (-4 + 6 - x)*-13 a prime number?
True
Let h(o) = -2*o**3 - 26*o**2 - 15*o - 10. Suppose 11*s + 3*s + 238 = 0. Is h(s) prime?
True
Suppose 0 = 3*z + 3*c + 9, -z = -c - 6 - 1. Is (19/57)/((-2)/(z - 85064)) a composite number?
False
Let d(f) = f**2 - 34. Let k be d(6). Suppose k*a + 60 = 12*a. Suppose 105 = a*t - 21. Is t a prime number?
False
Suppose -4*p = -8, p + 2 + 24 = 4*o. Suppose o*w = w + 40002. Is w a prime number?
False
Let r = -194 - -184. Is (-1318)/(5/(25/r)) composi